{"id":143,"date":"2020-02-24T13:08:57","date_gmt":"2020-02-24T13:08:57","guid":{"rendered":"https:\/\/demosites.io\/zelle-gb\/?page_id=143"},"modified":"2026-02-25T16:26:23","modified_gmt":"2026-02-25T16:26:23","slug":"0227d-home","status":"publish","type":"page","link":"https:\/\/clinicadmin.com.mx\/","title":{"rendered":""},"content":{"rendered":"\n<div id=\"wp-block-themeisle-blocks-advanced-columns-d26b6b4e\" class=\"wp-block-themeisle-blocks-advanced-columns alignfull has-1-columns has-desktop-equal-layout has-tablet-equal-layout has-mobile-equal-layout has-vertical-center\"><div class=\"wp-block-themeisle-blocks-advanced-columns-overlay\"><\/div><div class=\"innerblocks-wrap\">\n<div id=\"wp-block-themeisle-blocks-advanced-column-bc8f6b49\" class=\"wp-block-themeisle-blocks-advanced-column\">\n<h1 class=\"wp-block-heading has-text-align-center has-white-color has-text-color\">El mejor software para ayudarte a administrar tu consultorio<\/h1>\n\n\n\n<div style=\"height:20px\" aria-hidden=\"true\" class=\"wp-block-spacer\"><\/div>\n\n\n\n<div id=\"wp-block-themeisle-blocks-button-group-2dde628f\" class=\"wp-block-themeisle-blocks-button-group wp-block-buttons align-center\">\n<div id=\"wp-block-themeisle-blocks-button-9b0883a7\" class=\"wp-block-themeisle-blocks-button wp-block-button is-style-fill\"><a href=\"https:\/\/clinicadmin.com.mx\/index.php\/descargas\/\" target=\"_self\" rel=\"noopener noreferrer\" class=\"wp-block-button__link\"><i class=\"fas fa-fw fa-arrow-down margin-right\"><\/i><span> Descargar <\/span><\/a><\/div>\n<\/div>\n<\/div>\n<\/div><\/div>\n\n\n\n<div id=\"Features\" class=\"wp-block-themeisle-blocks-advanced-columns alignfull has-1-columns has-desktop-equal-layout has-tablet-equal-layout has-mobile-equal-layout has-vertical-unset\"><div class=\"wp-block-themeisle-blocks-advanced-columns-overlay\"><\/div><div class=\"innerblocks-wrap\">\n<div id=\"wp-block-themeisle-blocks-advanced-column-b3c846e4\" class=\"wp-block-themeisle-blocks-advanced-column\">\n<h2 class=\"wp-block-heading has-text-align-center\">Caracter\u00edsticas de nuestro software<\/h2>\n\n\n\n<p class=\"has-text-align-center\">Principales beneficios<\/p>\n<\/div>\n<\/div><\/div>\n\n\n\n<div id=\"wp-block-themeisle-blocks-advanced-columns-91023ba9\" class=\"wp-block-themeisle-blocks-advanced-columns alignfull has-3-columns has-desktop-equal-layout has-tablet-equal-layout has-mobile-collapsedRows-layout has-vertical-unset\"><div class=\"wp-block-themeisle-blocks-advanced-columns-overlay\"><\/div><div class=\"innerblocks-wrap\">\n<div id=\"wp-block-themeisle-blocks-advanced-column-71484aac\" class=\"wp-block-themeisle-blocks-advanced-column\">\n<div id=\"wp-block-themeisle-blocks-font-awesome-icons-29583e4b\" class=\"wp-block-themeisle-blocks-font-awesome-icons\"><span class=\"wp-block-themeisle-blocks-font-awesome-icons-container\"><i class=\"fas fa-address-card\"><\/i><\/span><\/div>\n\n\n\n<h5 id=\"wp-block-themeisle-blocks-advanced-heading-e50a9371\" class=\"wp-block-themeisle-blocks-advanced-heading wp-block-themeisle-blocks-advanced-heading-e50a9371\"> Registros<\/h5>\n\n\n\n<p class=\"has-text-align-center has-link-color-color has-text-color\" style=\"font-size:14px\">Registra a tus pacientes y tambi\u00e9n a los doctores que trabajan contigo, todo en un mismo lugar. As\u00ed no tendr\u00e1s que estar buscando en lugares diferentes para obtener su informaci\u00f3n.<br><\/p>\n<\/div>\n\n\n\n<div id=\"wp-block-themeisle-blocks-advanced-column-a0079089\" class=\"wp-block-themeisle-blocks-advanced-column\">\n<div id=\"wp-block-themeisle-blocks-font-awesome-icons-cdfe10a4\" class=\"wp-block-themeisle-blocks-font-awesome-icons\"><span class=\"wp-block-themeisle-blocks-font-awesome-icons-container\"><i class=\"fas fa-balance-scale\"><\/i><\/span><\/div>\n\n\n\n<h5 id=\"wp-block-themeisle-blocks-advanced-heading-7964a169\" class=\"wp-block-themeisle-blocks-advanced-heading wp-block-themeisle-blocks-advanced-heading-7964a169\"> Finanzas<\/h5>\n\n\n\n<p class=\"has-text-align-center has-link-color-color has-text-color\" style=\"font-size:14px\">Registra los pagos que realizan tus pacientes y agrega datos como cantidad, concepto, tipo de pago, etc. Y si despu\u00e9s requieres un reporte de pagos, lo puedes obtener f\u00e1cilmente.<\/p>\n<\/div>\n\n\n\n<div id=\"wp-block-themeisle-blocks-advanced-column-3ad7ac1c\" class=\"wp-block-themeisle-blocks-advanced-column\">\n<div id=\"wp-block-themeisle-blocks-font-awesome-icons-3f5f9531\" class=\"wp-block-themeisle-blocks-font-awesome-icons\"><span class=\"wp-block-themeisle-blocks-font-awesome-icons-container\"><i class=\"fas fa-address-book\"><\/i><\/span><\/div>\n\n\n\n<h5 id=\"wp-block-themeisle-blocks-advanced-heading-68f9f4b6\" class=\"wp-block-themeisle-blocks-advanced-heading wp-block-themeisle-blocks-advanced-heading-68f9f4b6\"> Citas<\/h5>\n\n\n\n<p class=\"has-text-align-center has-link-color-color has-text-color\" style=\"font-size:14px\">Agenda las citas con tus pacientes y te aparecer\u00e1n por d\u00eda y ordenadas cronol\u00f3gicamente, etiquetadas con colores, as\u00ed sabr\u00e1s cu\u00e1l va primero, cu\u00e1l est\u00e1 pendiente, cu\u00e1l cancelaron, o cu\u00e1l ya atendiste.<br><\/p>\n<\/div>\n<\/div><\/div>\n\n\n\n<div id=\"wp-block-themeisle-blocks-advanced-columns-b9085f4f\" class=\"wp-block-themeisle-blocks-advanced-columns alignfull has-3-columns has-desktop-equal-layout has-tablet-collapsedRows-layout has-mobile-collapsedRows-layout has-vertical-unset\"><div class=\"wp-block-themeisle-blocks-advanced-columns-overlay\"><\/div><div class=\"innerblocks-wrap\">\n<div id=\"wp-block-themeisle-blocks-advanced-column-f5da1e50\" class=\"wp-block-themeisle-blocks-advanced-column\">\n<h2 id=\"wp-block-themeisle-blocks-advanced-heading-e0a4cde3\" class=\"wp-block-themeisle-blocks-advanced-heading wp-block-themeisle-blocks-advanced-heading-e0a4cde3\"> 6 a\u00f1os de ser el apoyo de muchos profesionales de la salud<\/h2>\n<\/div>\n\n\n\n<div id=\"wp-block-themeisle-blocks-advanced-column-86ed024e\" class=\"wp-block-themeisle-blocks-advanced-column\">\n<p class=\"has-text-align-center has-white-color has-text-color\" style=\"font-size:14px\">Nuestro software fue dise\u00f1ado junto con profesionales de la salud para poder entender mejor sus necesidades y brindarles soluciones intuitivas, r\u00e1pidas, pero sobre todo \u00fatiles para el d\u00eda a d\u00eda.<br><\/p>\n\n\n\n<p class=\"has-text-align-center has-white-color has-text-color\" style=\"font-size:14px\">Con nuestro software podr\u00e1 administrar los aspectos siguientes de su consultorio:<\/p>\n\n\n\n<p class=\"has-text-align-center has-white-color has-text-color\" style=\"font-size:14px\">+ Pacientes<\/p>\n\n\n\n<p class=\"has-text-align-center has-white-color has-text-color\" style=\"font-size:14px\">+ Doctores<\/p>\n\n\n\n<p class=\"has-text-align-center has-white-color has-text-color\" style=\"font-size:14px\">+ Citas<\/p>\n\n\n\n<p class=\"has-text-align-center has-white-color has-text-color\" style=\"font-size:14px\">+ Pagos<\/p>\n\n\n\n<p class=\"has-text-align-center has-white-color has-text-color\" style=\"font-size:14px\">+ Proveedores<br>Y mucho m\u00e1s.<\/p>\n<\/div>\n\n\n\n<div id=\"wp-block-themeisle-blocks-advanced-column-b513a605\" class=\"wp-block-themeisle-blocks-advanced-column\">\n<div id=\"wp-block-themeisle-blocks-font-awesome-icons-829fcb98\" class=\"wp-block-themeisle-blocks-font-awesome-icons\"><span class=\"wp-block-themeisle-blocks-font-awesome-icons-container\"><i class=\"fas fa-phone-volume\"><\/i><\/span><\/div>\n\n\n\n<h3 id=\"wp-block-themeisle-blocks-advanced-heading-1c425772\" class=\"wp-block-themeisle-blocks-advanced-heading wp-block-themeisle-blocks-advanced-heading-1c425772\"> SOPORTE T\u00c9CNICO SIN COSTO <\/h3>\n\n\n\n<div id=\"wp-block-themeisle-blocks-font-awesome-icons-4c515042\" class=\"wp-block-themeisle-blocks-font-awesome-icons\"><span class=\"wp-block-themeisle-blocks-font-awesome-icons-container\"><i class=\"fas fa-dollar-sign\"><\/i><\/span><\/div>\n\n\n\n<h3 id=\"wp-block-themeisle-blocks-advanced-heading-99693748\" class=\"wp-block-themeisle-blocks-advanced-heading wp-block-themeisle-blocks-advanced-heading-99693748\"> PRECIO ACCESIBLE<\/h3>\n\n\n\n<div id=\"wp-block-themeisle-blocks-font-awesome-icons-331c5663\" class=\"wp-block-themeisle-blocks-font-awesome-icons\"><span class=\"wp-block-themeisle-blocks-font-awesome-icons-container\"><i class=\"fas fa-user\"><\/i><\/span><\/div>\n\n\n\n<h3 id=\"wp-block-themeisle-blocks-advanced-heading-35a362e2\" class=\"wp-block-themeisle-blocks-advanced-heading wp-block-themeisle-blocks-advanced-heading-35a362e2\"> NUESTROS CLIENTES SON LO PRINCIPAL<\/h3>\n<\/div>\n<\/div><\/div>\n\n\n\n<div id=\"wp-block-themeisle-blocks-advanced-columns-02b6a962\" class=\"wp-block-themeisle-blocks-advanced-columns alignfull has-1-columns hide-in-desktop hide-in-tablet hide-in-mobile has-vertical-unset has-light-bg\"><div class=\"wp-block-themeisle-blocks-advanced-columns-overlay\"><\/div><div class=\"innerblocks-wrap\">\n<div id=\"wp-block-themeisle-blocks-advanced-column-b0f59dbe\" class=\"wp-block-themeisle-blocks-advanced-column\">\n<h2 class=\"wp-block-heading has-text-align-center has-white-color has-text-color\">ALGUNAS RESE\u00d1AS DE NUESTRO SOFTWARE<\/h2>\n\n\n\n<p class=\"has-text-align-center has-white-color has-text-color\"><\/p>\n<\/div>\n<\/div><\/div>\n\n\n\n<div id=\"wp-block-themeisle-blocks-advanced-columns-6a56dc59\" class=\"wp-block-themeisle-blocks-advanced-columns alignfull has-3-columns hide-in-desktop hide-in-tablet hide-in-mobile has-vertical-unset has-light-bg\"><div class=\"wp-block-themeisle-blocks-advanced-columns-overlay\"><\/div><div class=\"innerblocks-wrap\">\n<div id=\"wp-block-themeisle-blocks-advanced-column-01a458e7\" class=\"wp-block-themeisle-blocks-advanced-column has-light-bg\">\n<p class=\"has-nv-dark-bg-color has-text-color\" style=\"font-size:15px\">A wonderful experience, attentive staff and always at the disposal of tourists \/ clients. During the stay, we had only beautiful things, attentive staff, impeccable accommodation, food and beverages, from varied categories, for all tastes. Performances and evening entertainment both on the beach at the ocean and at the pools during the day.<br><\/p>\n\n\n\n<h2 id=\"wp-block-themeisle-blocks-advanced-heading-a6689fb2\" class=\"wp-block-themeisle-blocks-advanced-heading wp-block-themeisle-blocks-advanced-heading-a6689fb2\"> David Lorem<\/h2>\n\n\n<div class=\"wp-block-image is-style-circle-mask\">\n<figure class=\"aligncenter size-large is-resized\"><img loading=\"lazy\" decoding=\"async\" width=\"350\" height=\"350\" src=\"https:\/\/clinicadmin.com.mx\/wp-content\/uploads\/2019\/02\/zelle-expert3.jpg\" alt=\"\" class=\"wp-image-93\" style=\"width:61px;height:61px\"\/><\/figure>\n<\/div><\/div>\n\n\n\n<div id=\"wp-block-themeisle-blocks-advanced-column-8cf09424\" class=\"wp-block-themeisle-blocks-advanced-column has-light-bg\">\n<p class=\"has-nv-dark-bg-color has-text-color\" style=\"font-size:15px\">I had an unexpectedly successful holiday. The choice of hotel was very good, being one that offers everything you need for a pleasant holiday. The staff was very receptive, kind and attentive. The food was great for everyone. Transport to the most important points of interest was free of charge. Thank you Neve Agency for a wonderful holiday.<br><\/p>\n\n\n\n<h2 id=\"wp-block-themeisle-blocks-advanced-heading-c1535495\" class=\"wp-block-themeisle-blocks-advanced-heading wp-block-themeisle-blocks-advanced-heading-c1535495\"> Linda Guthrie<\/h2>\n\n\n<div class=\"wp-block-image is-style-circle-mask\">\n<figure class=\"aligncenter size-large is-resized\"><img loading=\"lazy\" decoding=\"async\" width=\"350\" height=\"350\" src=\"https:\/\/clinicadmin.com.mx\/wp-content\/uploads\/2019\/02\/zelle-expert2.jpg\" alt=\"\" class=\"wp-image-92\" style=\"width:61px;height:61px\"\/><\/figure>\n<\/div><\/div>\n\n\n\n<div id=\"wp-block-themeisle-blocks-advanced-column-d0a9c182\" class=\"wp-block-themeisle-blocks-advanced-column has-light-bg\">\n<p class=\"has-nv-dark-bg-color has-text-color\" style=\"font-size:15px\">I always stayed away from the Swiss resorts. Every winter I went to local slopes or the ones in Austria. I never wanted to spend a fortune on skiing. Out of curiosity I turned to Neve Agency and I spent for skiing in Switzerland as much as I did in Austria, although the Swiss alpine d\u00e9cor would have deserved spending much more.<br><\/p>\n\n\n\n<h2 id=\"wp-block-themeisle-blocks-advanced-heading-8678b2a0\" class=\"wp-block-themeisle-blocks-advanced-heading wp-block-themeisle-blocks-advanced-heading-8678b2a0\"> Cynthia Henry<\/h2>\n\n\n<div class=\"wp-block-image is-style-circle-mask\">\n<figure class=\"aligncenter size-large is-resized\"><img loading=\"lazy\" decoding=\"async\" width=\"350\" height=\"350\" src=\"https:\/\/clinicadmin.com.mx\/wp-content\/uploads\/2019\/02\/zelle-expert1.jpg\" alt=\"\" class=\"wp-image-91\" style=\"width:61px;height:61px\"\/><\/figure>\n<\/div><\/div>\n<\/div><\/div>\n\n\n\n<h2 class=\"wp-block-heading has-text-align-center\" id=\"Gallery\"><mark style=\"background-color:rgba(0, 0, 0, 0)\" class=\"has-inline-color has-nv-c-1-color\">Galer\u00eda de im\u00e1genes<\/mark><\/h2>\n\n\n\n<div class=\"wp-block-columns is-layout-flex wp-container-core-columns-is-layout-9d6595d7 wp-block-columns-is-layout-flex\">\n<div class=\"wp-block-column is-layout-flow wp-block-column-is-layout-flow\"><div class=\"wp-block-image\">\n<figure class=\"aligncenter size-full is-resized\"><img loading=\"lazy\" decoding=\"async\" width=\"205\" height=\"160\" src=\"https:\/\/clinicadmin.com.mx\/wp-content\/uploads\/2021\/09\/page1.jpg\" alt=\"\" class=\"wp-image-238\" style=\"width:329px;height:257px\"\/><\/figure>\n<\/div>\n\n\n<figure class=\"wp-block-image size-full\"><img loading=\"lazy\" decoding=\"async\" width=\"425\" height=\"267\" src=\"https:\/\/clinicadmin.com.mx\/wp-content\/uploads\/2021\/09\/pacientes.jpg\" alt=\"\" class=\"wp-image-242\" srcset=\"https:\/\/clinicadmin.com.mx\/wp-content\/uploads\/2021\/09\/pacientes.jpg 425w, https:\/\/clinicadmin.com.mx\/wp-content\/uploads\/2021\/09\/pacientes-300x188.jpg 300w\" sizes=\"auto, (max-width: 425px) 100vw, 425px\" \/><\/figure>\n<\/div>\n\n\n\n<div class=\"wp-block-column is-vertically-aligned-center is-layout-flow wp-block-column-is-layout-flow\">\n<figure class=\"wp-block-image size-full\"><img loading=\"lazy\" decoding=\"async\" width=\"425\" height=\"267\" src=\"https:\/\/clinicadmin.com.mx\/wp-content\/uploads\/2021\/09\/mpaciente.jpg\" alt=\"\" class=\"wp-image-240\" srcset=\"https:\/\/clinicadmin.com.mx\/wp-content\/uploads\/2021\/09\/mpaciente.jpg 425w, https:\/\/clinicadmin.com.mx\/wp-content\/uploads\/2021\/09\/mpaciente-300x188.jpg 300w\" sizes=\"auto, (max-width: 425px) 100vw, 425px\" \/><\/figure>\n\n\n\n<figure class=\"wp-block-image size-full\"><img loading=\"lazy\" decoding=\"async\" width=\"425\" height=\"180\" src=\"https:\/\/clinicadmin.com.mx\/wp-content\/uploads\/2021\/09\/pagos.jpg\" alt=\"\" class=\"wp-image-243\" srcset=\"https:\/\/clinicadmin.com.mx\/wp-content\/uploads\/2021\/09\/pagos.jpg 425w, https:\/\/clinicadmin.com.mx\/wp-content\/uploads\/2021\/09\/pagos-300x127.jpg 300w\" sizes=\"auto, (max-width: 425px) 100vw, 425px\" \/><\/figure>\n<\/div>\n\n\n\n<div class=\"wp-block-column is-layout-flow wp-block-column-is-layout-flow\">\n<figure class=\"wp-block-image size-full\"><img loading=\"lazy\" decoding=\"async\" width=\"425\" height=\"210\" src=\"https:\/\/clinicadmin.com.mx\/wp-content\/uploads\/2021\/09\/agenda.jpg\" alt=\"\" class=\"wp-image-241\" srcset=\"https:\/\/clinicadmin.com.mx\/wp-content\/uploads\/2021\/09\/agenda.jpg 425w, https:\/\/clinicadmin.com.mx\/wp-content\/uploads\/2021\/09\/agenda-300x148.jpg 300w\" sizes=\"auto, (max-width: 425px) 100vw, 425px\" \/><\/figure>\n\n\n\n<figure class=\"wp-block-image size-full\"><img loading=\"lazy\" decoding=\"async\" width=\"458\" height=\"555\" src=\"https:\/\/clinicadmin.com.mx\/wp-content\/uploads\/2021\/09\/config.jpg\" alt=\"\" class=\"wp-image-245\" srcset=\"https:\/\/clinicadmin.com.mx\/wp-content\/uploads\/2021\/09\/config.jpg 458w, https:\/\/clinicadmin.com.mx\/wp-content\/uploads\/2021\/09\/config-248x300.jpg 248w\" sizes=\"auto, (max-width: 458px) 100vw, 458px\" \/><\/figure>\n<\/div>\n<\/div>\n\n\n\n<div class=\"wp-block-columns is-layout-flex wp-container-core-columns-is-layout-9d6595d7 wp-block-columns-is-layout-flex\">\n<div class=\"wp-block-column is-layout-flow wp-block-column-is-layout-flow\" style=\"flex-basis:100%\">\n<div class=\"wp-block-columns are-vertically-aligned-center is-layout-flex wp-container-core-columns-is-layout-9d6595d7 wp-block-columns-is-layout-flex\">\n<div class=\"wp-block-column is-vertically-aligned-center is-layout-flow wp-block-column-is-layout-flow\" style=\"flex-basis:100%\"><\/div>\n<\/div>\n<\/div>\n<\/div>\n\n\n\n\n\n<div id=\"Socials\" class=\"wp-block-themeisle-blocks-advanced-columns alignfull has-4-columns has-desktop-equal-layout has-tablet-equal-layout has-mobile-collapsedRows-layout has-vertical-center has-default-gap has-dark-bg\"><div class=\"wp-block-themeisle-blocks-advanced-columns-overlay\"><\/div><div class=\"innerblocks-wrap\">\n<div id=\"wp-block-themeisle-blocks-advanced-column-34178fa7\" class=\"wp-block-themeisle-blocks-advanced-column\">\n<div id=\"wp-block-themeisle-blocks-font-awesome-icons-b2e502b6\" class=\"wp-block-themeisle-blocks-font-awesome-icons\"><span class=\"wp-block-themeisle-blocks-font-awesome-icons-container\"><i class=\"far fa-map\"><\/i><\/span><\/div>\n\n\n\n<p class=\"has-text-align-center has-neve-link-color-color has-text-color\"><strong>Ubicaci\u00f3n<\/strong><\/p>\n<\/div>\n\n\n\n<div id=\"wp-block-themeisle-blocks-advanced-column-f47e1f6c\" class=\"wp-block-themeisle-blocks-advanced-column\">\n<div id=\"wp-block-themeisle-blocks-font-awesome-icons-135a5b66\" class=\"wp-block-themeisle-blocks-font-awesome-icons\"><span class=\"wp-block-themeisle-blocks-font-awesome-icons-container\"><a href=\"mailto:clinicamx@outlook.com\" target=\"_self\" rel=\"noopener noreferrer\"><i class=\"fas fa-envelope\"><\/i><\/a><\/span><\/div>\n\n\n\n<p class=\"has-text-align-center has-text-color\" style=\"color:#e10af5\"><strong>Correo<\/strong><\/p>\n<\/div>\n\n\n\n<div id=\"wp-block-themeisle-blocks-advanced-column-ff2e198d\" class=\"wp-block-themeisle-blocks-advanced-column\">\n<div id=\"wp-block-themeisle-blocks-font-awesome-icons-5d962d6e\" class=\"wp-block-themeisle-blocks-font-awesome-icons\"><span class=\"wp-block-themeisle-blocks-font-awesome-icons-container\"><a href=\"https:\/\/wa.me\/525518166481?text=Me%20interesa%20obtener%20informaci\u00f3n%20de%20Clinic%20Admin%20por%20favor\" target=\"_self\" rel=\"noopener noreferrer\"><i class=\"fab fa-whatsapp-square\"><\/i><\/a><\/span><\/div>\n\n\n\n<p class=\"has-text-align-center has-nv-c-2-color has-text-color\"><strong>Whatsapp<\/strong><\/p>\n<\/div>\n\n\n\n<div id=\"wp-block-themeisle-blocks-advanced-column-c483a70c\" class=\"wp-block-themeisle-blocks-advanced-column has-dark-bg\">\n<div id=\"wp-block-themeisle-blocks-font-awesome-icons-88e88726\" class=\"wp-block-themeisle-blocks-font-awesome-icons\"><span class=\"wp-block-themeisle-blocks-font-awesome-icons-container\"><a href=\"https:\/\/facebook.com\/clinicadmin\" target=\"_self\" rel=\"noopener noreferrer\"><i class=\"fab fa-facebook-square\"><\/i><\/a><\/span><\/div>\n\n\n\n<p class=\"has-text-align-center has-nv-c-1-color has-text-color\"><strong>Facebook<\/strong><\/p>\n<\/div>\n<\/div><\/div>\n\n\n\n<p><\/p>\n","protected":false},"excerpt":{"rendered":"<p>Galer\u00eda de im\u00e1genes<\/p>\n","protected":false},"author":1,"featured_media":0,"parent":0,"menu_order":0,"comment_status":"closed","ping_status":"closed","template":"","meta":{"neve_meta_sidebar":"full-width","neve_meta_container":"contained","neve_meta_enable_content_width":"on","neve_meta_content_width":100,"neve_meta_title_alignment":"left","neve_meta_author_avatar":"","neve_post_elements_order":"","neve_meta_disable_header":"","neve_meta_disable_footer":"","neve_meta_disable_title":"","_themeisle_gutenberg_block_has_review":false,"footnotes":""},"class_list":["post-143","page","type-page","status-publish","hentry"],"_links":{"self":[{"href":"https:\/\/clinicadmin.com.mx\/index.php\/wp-json\/wp\/v2\/pages\/143","targetHints":{"allow":["GET"]}}],"collection":[{"href":"https:\/\/clinicadmin.com.mx\/index.php\/wp-json\/wp\/v2\/pages"}],"about":[{"href":"https:\/\/clinicadmin.com.mx\/index.php\/wp-json\/wp\/v2\/types\/page"}],"author":[{"embeddable":true,"href":"https:\/\/clinicadmin.com.mx\/index.php\/wp-json\/wp\/v2\/users\/1"}],"replies":[{"embeddable":true,"href":"https:\/\/clinicadmin.com.mx\/index.php\/wp-json\/wp\/v2\/comments?post=143"}],"version-history":[{"count":45,"href":"https:\/\/clinicadmin.com.mx\/index.php\/wp-json\/wp\/v2\/pages\/143\/revisions"}],"predecessor-version":[{"id":306,"href":"https:\/\/clinicadmin.com.mx\/index.php\/wp-json\/wp\/v2\/pages\/143\/revisions\/306"}],"wp:attachment":[{"href":"https:\/\/clinicadmin.com.mx\/index.php\/wp-json\/wp\/v2\/media?parent=143"}],"curies":[{"name":"wp","href":"https:\/\/api.w.org\/{rel}","templated":true}]}}